z + 3*h + 7 = -2*z. What are the prime factors of z?
7
Let s = -12 + 7. Let t be s/(-15) - 22/(-6). Suppose -4*a = 4*c - 32, -3*c + 2*a = t*a - 22. List the prime factors of c.
2, 3
Suppose -9 = 3*v, -3*v = -3*w - 6*v + 27. List the prime factors of ((-28)/w)/(1/(-3)).
7
Suppose 3*b = 3*x - 75, -2*b + 10 = 3*x - 40. List the prime factors of x/(-15)*(-42)/4.
2, 7
Suppose 10*x = 5*x. Suppose j = -x*j + 11. Let g = 1 + j. List the prime factors of g.
2, 3
Suppose 5*d - 1206 = -416. List the prime factors of d.
2, 79
Let b(d) = -7*d - 14. List the prime factors of b(-6).
2, 7
Let j(h) = h**2 - 7*h + 5. Let z be j(6). What are the prime factors of 2 - z/(-2)*-2?
3
Let p be -5*6/(-15) - 54. Let r = 75 + p. What are the prime factors of r?
23
Suppose c + 110 = 3*o, -4*o + 150 = -0*o - 2*c. List the prime factors of o.
5, 7
Let y = 31 - 19. List the prime factors of (-3)/y + (-98)/(-8).
2, 3
Let a = 46 + -37. List the prime factors of a.
3
Suppose -4*b + 106 = 2*n, 0 = -4*b + 5*n - 35 + 120. List the prime factors of b.
5
Let a(h) = -43*h + 15. What are the prime factors of a(-2)?
101
Let x(v) = -v**2 - 5*v - 2. Let i be x(-3). Suppose -3*j - 23 = -s, -4*j + 78 = i*s - 2*j. List the prime factors of s.
2, 5
Let l be -3 + 6 + ((-6)/(-2) - 3). Let n = 41 + -28. List the prime factors of 0*1/l + n.
13
Let l(n) = -67*n - 19. List the prime factors of l(-3).
2, 7, 13
Let g(t) = -t - 1. Let m be g(1). Let u be 6*(1 - m)*1. Suppose 0 = d + 3*d + x - 48, u = 2*d - x. List the prime factors of d.
11
Let t be (-2)/(-2) + 1/(-1). Suppose t - 10 = -5*d. List the prime factors of d.
2
Let l(d) = 3*d - 6. List the prime factors of l(3).
3
Let v(k) = k + 5. Let j be v(-5). Suppose -8 = -2*i + 5*o - 3, j = -3*i - 3*o - 3. Suppose i = 2*x + x - 9. What are the prime factors of x?
3
Let s(k) = k**3 - 3*k**2 + 2*k + 1. Let b be 2/4 - (-25)/10. What are the prime factors of s(b)?
7
Suppose 5*w - 9 = 11. Let a(h) = w*h - 4*h + 1 + 1 + 2*h. What are the prime factors of a(4)?
2, 5
Let n = 27 - 10. List the prime factors of n.
17
Let m(s) = -s**3 + s - 13. Let h be m(0). Let y = h - -24. What are the prime factors of y?
11
Let b be (9/(-6))/((-3)/4). Suppose -2*j - 4 - b = 0. Let a(d) = d**2 + 2*d + 3. List the prime factors of a(j).
2, 3
Let f(u) = u**2 - 20*u - 19. Let i(s) = -s**2 + 19*s + 18. Let b(h) = 6*f(h) + 7*i(h). What are the prime factors of b(12)?
2, 3
Suppose -4*a - 4*l + 44 = 0, -2*a = -4*a - l + 21. What are the prime factors of a?
2, 5
Let r = 2 + 17. What are the prime factors of r?
19
Suppose 79 = -2*y + 7. List the prime factors of 3*(-76)/y*3.
19
Suppose -3*c = 5*u + 19, -5*u - 14 = 11. Suppose 3*k = -c*g + 66, 6 = k + 3*g - 9. What are the prime factors of k?
2, 3
Let h be ((-12)/(-10))/((-9)/(-30)). Let g be -4*(-2)/h + -4. Let u = 7 - g. What are the prime factors of u?
3
Suppose -5*b = i - 132, 5*i - 2*i + b = 354. List the prime factors of i.
3, 13
Let f(p) = p**3 + 16*p**2 + 21*p + 18. Let i be f(-14). Suppose -3*r + i = r. What are the prime factors of r?
29
Let l(q) = q - 8. Let o be l(7). Let t(a) = -17*a - 2. List the prime factors of t(o).
3, 5
Suppose 0 = -0*h + h. Let y be h/((-7)/(14/4)). Suppose y*m + 4*m = 0, 65 = 5*k - 2*m. What are the prime factors of k?
13
Suppose -239 = -q + 4*z, -2*z - 863 = -4*q + 163. List the prime factors of q.
7, 37
Let r be 18/(-4)*2/(-3). Suppose 7*h = r*h + 44. List the prime factors of h.
11
Let g be 2/(-7) + 5/(-7). Let m = g + 23. Suppose -4*a + 50 = m. List the prime factors of a.
7
Let k(n) be the first derivative of n**4/4 - 5*n**3/3 - 4*n**2 - 7*n - 6. List the prime factors of k(7).
5, 7
Suppose -5*l = 4*v - 176, 3*l + 5*v - 104 = v. Suppose 0 = -2*h + l + 58. List the prime factors of h.
47
Let y(u) = 3*u - 4. Let w = -3 - -9. Let m be y(w). List the prime factors of 1/2*m/1.
7
Let s(j) = 14*j**2 + 8*j + 61. Let d(h) = -5*h**2 - 3*h - 20. Let g(u) = 11*d(u) + 4*s(u). What are the prime factors of g(0)?
2, 3
Let m(t) = 6*t**2 + 6*t + 7. Let o(l) = 2*l + 0 - 2 - l**2 - 3*l + 1. Let v(x) = m(x) + 5*o(x). What are the prime factors of v(2)?
2
Let d = 36 + 82. List the prime factors of d.
2, 59
Suppose 2*p = -3 - 7. Let k be 3 - -12*2/(-4). Let i = k - p. What are the prime factors of i?
2
Let d = 14 - 5. Let a = d - 4. List the prime factors of a.
5
Let p be (-2 + 1)*(-1 + -1). Suppose 0 = p*g - 3 - 5. Suppose -2*o + 18 = 5*j, g*o - 4*j - 27 = o. List the prime factors of o.
3
Let d be 2/(0 + 4/6). Suppose d*b - 2*z = 29 + 20, 2*z - 53 = -3*b. List the prime factors of b.
17
Let m be -2 + 3 + -1 + 0. Let x be (-3)/3*m + 4. Suppose -q - 40 = -6*q - 3*o, -x*o = 3*q - 35. List the prime factors of q.
5
Suppose -24 = a + 2*a. Let n(o) = -o - 6. Let k be n(a). Suppose -2*c - 5*p + 0 + 4 = 0, -10 = -5*c + k*p. List the prime factors of c.
2
Let g be ((-36)/10)/(4/(-10)). Let c = 13 - g. Suppose -4 = -c*x + 16. What are the prime factors of x?
5
Let v be 0 + (-20)/(2 - 3). Suppose 4*z = 4 + v. List the prime factors of z.
2, 3
Let w be (-2)/(-2) - (6 - 8). Suppose -y + 21 = y + w*q, -2*y - 3 = -5*q. What are the prime factors of y?
2, 3
Let l be -16*(6 + -3)/(-3). Let t be 14/21 + l/3. Suppose -5*x - 60 = -2*v - 2*v, -v - x + t = 0. List the prime factors of v.
2, 5
Let v(r) = r + 6. Let d be v(0). Let x(t) = -t**2 + 13 + t**3 - d*t**2 - 2*t + 8*t - 5. List the prime factors of x(6).
2
Let z be (-2)/6 + 147/9. List the prime factors of z + (0 - 1) + 3.
2, 3
Let y(l) = 6*l - 5. Suppose -7*z + 3*z + 52 = 4*d, -12 = d - 4*z. Let s(i) = -i**2 + 17*i - 14. Let j(h) = d*y(h) - 3*s(h). What are the prime factors of j(2)?
2
Suppose -38 = -3*h + 88. List the prime factors of h.
2, 3, 7
Let d = 4 + 0. What are the prime factors of d?
2
Suppose -5*x + 2*a + 2*a = -3, 0 = -x - 2*a - 5. Let o(h) = 2*h**2 - 7*h + 5. Let y be o(4). List the prime factors of y + (0 - 0 - x).
2, 5
Let b be ((-8)/6)/((-2)/(-6)). Let z be -1 - (-30)/(3 + 0). Let f = z + b. List the prime factors of f.
5
Suppose -52*z + 48*z = -316. List the prime factors of z.
79
Suppose -3*m + 4*r - 3*r + 71 = 0, m = r + 25. List the prime factors of m.
23
Let v(m) = -m**2 + 1. Let b be v(0). Suppose b + 99 = 5*z. What are the prime factors of z?
2, 5
Suppose b = 4*b - 21. Suppose b*n - 2*n = 95. List the prime factors of n.
19
Let i = 450 + -277. List the prime factors of i.
173
Let b(z) be the second derivative of 2*z + 0 + 1/2*z**4 - 1/6*z**3 + 0*z**2. List the prime factors of b(-1).
7
Let n(l) = -l + 6. Let s be n(0). Let j(x) = -s*x**2 - 6 - 1 + 0*x + x**3 + 0*x**3 - 4*x. List the prime factors of j(7).
2, 7
Let q(t) = t**3 - 8*t**2 + 5*t - 4. Let b be q(7). What are the prime factors of (-1 - -2) + (-5 - b)?
2, 7
Let s(p) = -2*p**3 - 4*p**2 - 4*p - 3. Let o be s(-2). Suppose 151 = o*r - l - 2*l, -l - 29 = -r. What are the prime factors of r?
2
Let c(p) = -p**2 - 13*p + 5. Let u = 0 + -11. Let f be c(u). Suppose f = 3*w + 3. What are the prime factors of w?
2
Suppose -m + 11 = -5*j, 4*j - 5*m = -2*m. What are the prime factors of (-50)/j + (-2)/3?
2
Let j(g) = -g**2 + 5*g + 9. Let h be j(7). Let t = h - -11. Suppose t + 1 = b. What are the prime factors of b?
7
Suppose -3*z + 7*z - 248 = 0. What are the prime factors of z?
2, 31
Suppose 2*p - 140 = -2*f, 3*f + 308 = 4*p - 0*f. List the prime factors of p.
2, 37
Let j(l) = -5*l**3 - l**2 + l + 1. Let a be j(-1). Let o = 9 - a. Let t(v) = -v**3 + 5*v**2 + 5. What are the prime factors of t(o)?
5
Suppose 4*x - 2 = 3*l + 2, x + 4*l - 1 = 0. Suppose x = -5*j + 56. What are the prime factors of j?
11
Let g = -10 - -46. What are the prime factors of g?
2, 3
Let h(u) = 4*u**2 + 5*u + 23. List the prime factors of h(-8).
239
Suppose -4*j + 193 = 5*c, -6*c + 4*c = -2. List the prime factors of j.
47
Let f = 80 + -52. What are the prime factors of f?
2, 7
Let n = 0 + 2. Suppose 0 = n*p - 32 + 8. List the prime factors of p.
2, 3
Let a be 45 + (-1 - 2) + -2. Suppose 3*x + x = a. What are the prime factors of x?
2, 5
Let r(y) = y. Let m be r(4). Suppose u - 10 = -m*u. What are the prime factors of u?
2
Let u(x) = -43*x - 5. List the prime factors of u(-1).
2, 19
Let b = 104 + -55. List the prime factors of b.
7
Let s be (-2)/4 - 15/(-6). Suppose 0 = s*o - 3*o + 12. Suppose -67 = -5*w - o. List the prime factors